2?
7602210
In base 4, what is 101313112 - -103131?
102022303
In base 13, what is -2b657 + -57?
-2b6b1
In base 3, what is -111220201002111 - 202?
-111220201010020
In base 10, what is -1249859 - -17?
-1249842
In base 7, what is 3041466 + -13?
3041453
In base 12, what is 3b1a + 168?
4086
In base 3, what is -120010 - 200222021?
-201112101
In base 12, what is -73 - -13a3b?
13988
In base 2, what is 10101010011000000000111011000 + -10?
10101010011000000000111010110
In base 8, what is -7300607 + -6?
-7300615
In base 14, what is 4588 + -c23?
3765
In base 16, what is 45882e - 10?
45881e
In base 7, what is 133564 + 2264?
136161
In base 14, what is -263 - -2a501?
2a27c
In base 14, what is a9 - 1b044?
-1ad79
In base 7, what is 1011 + -3523?
-2512
In base 9, what is 3 + -47660641?
-47660637
In base 6, what is -2313 + -332325?
-335042
In base 11, what is 9666 + -3?
9663
In base 3, what is 10 + 221022212100222?
221022212101002
In base 8, what is -154273 + 260?
-154013
In base 8, what is 1 - -11215300?
11215301
In base 15, what is -21103a6 - 2?
-21103a8
In base 3, what is -1220210002 + -12102?
-1220222111
In base 9, what is 3057604 - -180?
3057784
In base 8, what is 4375715 - 17?
4375676
In base 8, what is 230023261 + 4?
230023265
In base 8, what is 544617 + 74?
544713
In base 12, what is -256879a - -4?
-2568796
In base 2, what is 101110000101100111 + -1010100101111?
101100110000111000
In base 16, what is a25a - -a9a?
acf4
In base 2, what is 100101111101111 - -111000111111?
101101000101110
In base 13, what is 1848529 - c?
184851a
In base 14, what is 10 - -1c2845b?
1c2846b
In base 15, what is 49090 - -c?
4909c
In base 8, what is -5744644 - 51?
-5744715
In base 9, what is 0 - -28851518?
28851518
In base 14, what is 5 + -9c01916?
-9c01911
In base 13, what is 41706 - 7?
416cc
In base 15, what is 1941b + 7d7?
19c03
In base 12, what is 10118a48 - 4?
10118a44
In base 8, what is -44023610 - 100?
-44023710
In base 11, what is 4332 - -245?
4577
In base 7, what is -114052 - 15500?
-132552
In base 7, what is 44330000 - -243?
44330243
In base 9, what is 72 - -76347?
76430
In base 16, what is -226c - 1c6?
-2432
In base 7, what is -5 + -4002110?
-4002115
In base 6, what is 14334 - 121045?
-102311
In base 13, what is -18b960 - 29?
-18b989
In base 12, what is 523b341 - 19?
523b324
In base 15, what is 55 + -2bec52?
-2bebec
In base 10, what is 27 - -63488?
63515
In base 11, what is -74 - -7828?
7764
In base 11, what is 4 - 22880016?
-22880012
In base 8, what is -54051176 + 5?
-54051171
In base 2, what is -1101110000000100010 + -110100?
-1101110000001010110
In base 12, what is -7a13 - 731?
-8544
In base 16, what is -26df + -327?
-2a06
In base 3, what is -111112210 + 1020011120?
201121210
In base 16, what is 5 - cf2abe?
-cf2ab9
In base 10, what is -129 - 13759?
-13888
In base 12, what is 2 + 90aa83?
90aa85
In base 8, what is -110611634 - -71?
-110611543
In base 3, what is 1000010022001 + 2000?
1000010101001
In base 10, what is -22 - -26153?
26131
In base 15, what is -22aa48e3 + -3?
-22aa48e6
In base 11, what is 1531980 - -1?
1531981
In base 14, what is -6 - -637a1b7?
637a1b1
In base 9, what is 7322 - -1657?
10080
In base 13, what is -792bb186 - 3?
-792bb189
In base 13, what is 3a1b - -606?
4324
In base 13, what is -584b2 + -42?
-58524
In base 4, what is -3102113232 + -101022?
-3102220320
In base 9, what is 207844 + 7671?
216625
In base 2, what is -100101111 - 11110001001100111?
-11110001110010110
In base 15, what is 1d567 + 16?
1d57d
In base 15, what is -360e7 + -289?
-36381
In base 2, what is 111110101 - 110011101101110?
-110010101111001
In base 7, what is -15 - -20345621?
20345603
In base 8, what is -3637454 - -175?
-3637257
In base 2, what is 111110 - 11101000101100100?
-11101000100100110
In base 3, what is -10 + 222102010210212?
222102010210202
In base 7, what is -206 + 611631?
611422
In base 8, what is -22771 + -131402?
-154373
In base 10, what is -49916645 + 1?
-49916644
In base 4, what is 2323 - -130312210?
130321133
In base 12, what is 93a46a3 - 2?
93a46a1
In base 3, what is 111 + 12212221202?
12212222020
In base 2, what is 10111 - -1100110000010011011?
1100110000010110010
In base 7, what is -13 + 113512435?
113512422
In base 10, what is 11515 + -33999?
-22484
In base 14, what is -5 + a519da2?
a519d9b
In base 10, what is 14 - -6379483?
6379497
In base 12, what is -36 - -6001814?
600179a
In base 6, what is -5541531401 + 35?
-5541531322
In base 14, what is 6422b0 - 2?
6422ac
In base 3, what is -1110220222011 + 100?
-1110220221211
In base 3, what is 1112010 + 11101020200?
11102202210
In base 9, what is -2 + 41111685?
41111683
In base 4, what is 233333 - -2013002?
2313001
In base 14, what is 105 - 591b?
-5816
In base 14, what is 23 + -2cbc63?
-2cbc40
In base 14, what is c542 - -2?
c544
In base 10, what is -5 + 461170?
461165
In base 13, what is 7599 + 3cb?
7997
In base 16, what is -2705 - -292?
-2473
In base 14, what is 3a + 1c7d?
1cb9
In base 4, what is -3 + 20033323300?
20033323231
In base 9, what is -2273566 - -30?
-2273536
In base 9, what is -3 - 48460376?
-48460380
In base 12, what is -6b3811 - -8?
-6b3805
In base 14, what is -7986861 - 1?
-7986862
In base 11, what is a1aa62 - 128?
a1a935
In base 5, what is 204014331 + 1300?
204021131
In base 13, what is -6b4 - 87c?
-1263
In base 8, what is 25545 + 1753?
27520
In base 6, what is 331122 - 353?
330325
In base 12, what is -2439a3 + -b4?
-243a97
In base 3, what is -112 + -11111220221?
-11111221110
In base 5, what is 203233134 + -10442?
203222142
In base 7, what is -26154 + 2251?
-23603
In base 6, what is 5435402 + 443?
5440245
In base 16, what is -1 + -23809a?
-23809b
In base 4, what is -13001 + -101200111?
-101213112
In base 4, what is -20 - 11110312203?
-11110312223
In base 14, what is -4 - c25855?
-c25859
In base 15, what is 1e65c + -212b?
1c531
In base 8, what is 0 + -34335472?
-34335472
In base 8, what is -40532 + 447?
-40063
In base 6, what is 14115 + -14211?
-52
In base 3, what is 1100220200221 + 2212?
1100220210210
In base 5, what is -40 + 20010334?
20010244
In base 11, what is 10 + 161730?
161740
In base 13, what is aba7 - -395?
b26c
In base 3, what is -120201220021 - 211?
-120201221002
In base 9, what is 20 + -15358314?
-15358284
In base 7, what is 1031 + -265114?
-264053
In base 6, what is -21304 - 11125?
-32433
In base 6, what is -123233 - 213320?
-340553
In base 14, what is 78b4a37 + 1?
78b4a38
In base 12, what is -1029a - -68a?
-b810
In base 3, what is -10 - 201010100022112111?
-201010100022112121
In base 2, what is -1001 + -1100000111110111110?
-1100000111111000111
In base 2, what is -101111101011100111000111 - -100?
-101111101011100111000011
In base 9, what is 67 + 1712755?
1712833
In base 6, what is 1 - -11025445411?
11025445412
In base 2, what is -1000011111011110000 + -11110?
-1000011111100001110
In base 3, what is 1222022 - 1002102010?
-1000102211
In base 5, what is -1 - -1204344022?
1204344021
In base 13, what is -1a3b8 + 4cb?
-19bba
In base 13, what is 1948 - -11?
1959
In base 11, what is -54511796 - 1?
-54511797
In base 16, what is 2f + -1aedc?
-1aead
In base 2, what is -101 - 111100110011010111000?
-111100110011010111101
In base 9, what is -3276682 + 36?
-3276645
In base 4, what is 0 + -20102112120210?
-20102112120210
In base 10, what is 504443480 - 3?
504443477
In base 10, what is 92 - 66726?
-66634
In base 15, what is -28 + -359219?
-359242
In base 10, what is 87563163 - 2?
87563161
In base 6, what is -15 + -3512200?
-3512215
In base 11, what is -1053 + -334a0?
-34543
In base 15, what is -72c + 58d95?
58668
In base 16, what is 2 + -12d293?
-12d291
In base 3, what is -1100112 - -2212100?
1111211
In base 9, what is 8281 + 405?
8686
In base 11, what is 123 + -1133?
-1010
In base 4, what is 121112020 + 1001?
121113021
In base 15, what is 1 + -9b29d?
-9b29c
In base 7, what is -1314 - 3111362?
-3113006
In base 6, what is -11035304 + 132?
-11035132
In base 14, what is -d910b - -14?
-d90d7
In base 2, what is -11001000101101110010 - 1111?
-11001000101110000001
In base 11, what is 1a772328 - 1?
1a772327
In base 3, what is -112220102222120 + 11?
-112220102222102
In base 10, what is -1185283154 + 0?
-1185283154
In base 10, what is 722 + -502414?
-501692
In base 4, what is 11 - -2313032212020?
2313032212031
